{"id":356,"date":"2020-03-14T13:21:44","date_gmt":"2020-03-14T12:21:44","guid":{"rendered":"http:\/\/kinder-arzt.at\/about-copy-copy-2\/"},"modified":"2024-10-16T15:28:45","modified_gmt":"2024-10-16T13:28:45","slug":"nahrungsmittelallergien-neurodermitis","status":"publish","type":"page","link":"https:\/\/kinder-arzt.at\/de\/nahrungsmittelallergien-neurodermitis\/","title":{"rendered":"Nahrungsmittelallergien\/ Neurodermitis"},"content":{"rendered":"<div id='av-layout-grid-1'  class='av-layout-grid-container av-2p4hkq-2a5a785f4ed00ab4fa5527acff9d76a8 entry-content-wrapper main_color av-flex-cells  avia-builder-el-0  el_before_av_section  avia-builder-el-first   container_wrap fullsize'  >\n\n<style type=\"text\/css\" data-created_by=\"avia_inline_auto\" id=\"style-css-av-2m3iqi-defe7b72b5b6c1185cc803f80bc82470\">\n.flex_cell.av-2m3iqi-defe7b72b5b6c1185cc803f80bc82470{\nvertical-align:top;\nheight:200px;\nmin-height:200px;\nbackground:url(https:\/\/kinder-arzt.at\/wp-content\/uploads\/2020\/03\/Nahrungsmittelallergie_quer-1030x484.avif) 0% 50% no-repeat scroll ;\n}\n.responsive #top #wrap_all .flex_cell.av-2m3iqi-defe7b72b5b6c1185cc803f80bc82470{\npadding:30px 30px 30px 30px !important;\n}\n<\/style>\n<div class='flex_cell av-2m3iqi-defe7b72b5b6c1185cc803f80bc82470 av-gridrow-cell av_one_half no_margin  avia-builder-el-1  el_before_av_cell_one_half  avia-builder-el-first  content-align-top avia-full-stretch'  ><div class='flex_cell_inner'><\/div><\/div>\n<style type=\"text\/css\" data-created_by=\"avia_inline_auto\" id=\"style-css-av-2ff6qa-0bf5309548184fbd117ed58dce1fd72b\">\n.flex_cell.av-2ff6qa-0bf5309548184fbd117ed58dce1fd72b{\nvertical-align:middle;\nheight:200px;\nmin-height:200px;\nbackground-color:#afd3e8;\n}\n.responsive #top #wrap_all .flex_cell.av-2ff6qa-0bf5309548184fbd117ed58dce1fd72b{\npadding:30px 100px 30px 100px !important;\n}\n<\/style>\n<div class='flex_cell av-2ff6qa-0bf5309548184fbd117ed58dce1fd72b av-gridrow-cell av_one_half no_margin  avia-builder-el-2  el_after_av_cell_one_half  avia-builder-el-last  content-align-middle'  ><div class='flex_cell_inner'>\n<style type=\"text\/css\" data-created_by=\"avia_inline_auto\" id=\"style-css-av-26pq0a-170fdf0fb7070ede5ad5ef3dd7eeec87\">\n.flex_column.av-26pq0a-170fdf0fb7070ede5ad5ef3dd7eeec87{\nborder-radius:0px 0px 0px 0px;\npadding:0px 0px 0px 0px;\n}\n<\/style>\n<div  class='flex_column av-26pq0a-170fdf0fb7070ede5ad5ef3dd7eeec87 av_one_full  avia-builder-el-3  avia-builder-el-no-sibling  first flex_column_div av-animated-generic bottom-to-top av-zero-column-padding  '     ><style type=\"text\/css\" data-created_by=\"avia_inline_auto\" id=\"style-css-av-k8aakt3g-514d1ca00c74c50c417165d30ee081a0\">\n#top .av-special-heading.av-k8aakt3g-514d1ca00c74c50c417165d30ee081a0{\npadding-bottom:10px;\n}\nbody .av-special-heading.av-k8aakt3g-514d1ca00c74c50c417165d30ee081a0 .av-special-heading-tag .heading-char{\nfont-size:25px;\n}\n.av-special-heading.av-k8aakt3g-514d1ca00c74c50c417165d30ee081a0 .av-subheading{\nfont-size:15px;\n}\n<\/style>\n<div  class='av-special-heading av-k8aakt3g-514d1ca00c74c50c417165d30ee081a0 av-special-heading-h3 blockquote modern-quote  avia-builder-el-4  avia-builder-el-no-sibling '><h3 class='av-special-heading-tag '  itemprop=\"headline\"  >Mein Kind hat Nahrungsmittelallergien\/ Neurodermitis<\/h3><div class=\"special-heading-border\"><div class=\"special-heading-inner-border\"><\/div><\/div><\/div><\/div>\n<\/div><\/div><\/div><div id='av_section_1'  class='avia-section av-1oglde-2d9227effe751f910158854fee4e542c main_color avia-section-large avia-no-border-styling  avia-builder-el-5  el_after_av_layout_row  el_before_av_layout_row  avia-bg-style-scroll container_wrap fullsize'  ><div class='container av-section-cont-open' ><div class='template-page content  av-content-full alpha units'><div class='post-entry post-entry-type-page post-entry-356'><div class='entry-content-wrapper clearfix'>\n\n<style type=\"text\/css\" data-created_by=\"avia_inline_auto\" id=\"style-css-av-1m2d7e-ad76e4824d4bce94e41b5d669528cff0\">\n.flex_column.av-1m2d7e-ad76e4824d4bce94e41b5d669528cff0{\nborder-radius:0px 0px 0px 0px;\npadding:0px 0px 0px 0px;\n}\n<\/style>\n<div  class='flex_column av-1m2d7e-ad76e4824d4bce94e41b5d669528cff0 av_one_half  avia-builder-el-6  el_before_av_one_half  avia-builder-el-first  first flex_column_div av-animated-generic bottom-to-top av-zero-column-padding  '     ><section  class='av_textblock_section av-197x22-2ef83ecea797fb7ea3c7f0a4968aa9de '   itemscope=\"itemscope\" itemtype=\"https:\/\/schema.org\/CreativeWork\" ><div class='avia_textblock'  itemprop=\"text\" ><p><strong>Nahrungsmittelallergien<\/strong> und Nahrungsmittelunvertr\u00e4glichkeiten f\u00fchren immer \u00f6fters zur Verunsicherung von Eltern und PatientInnen. Ein \u00fcberbordendes Informationsangebot im Internet, teils obskure online Testm\u00f6glichkeiten, sowie falsche Informationen f\u00fchren zu sinnlosen Di\u00e4ten, aber auch zum Ausbleiben notwendiger Di\u00e4ten.<\/p>\n<p>Der Beginn einer guten Diagnostik liegt in der genauen Anamnese und Erhebung der Symptome. Das F\u00fchren von Beschwerdetageb\u00fcchern schr\u00e4nkt die Auswahl an verd\u00e4chtigen Lebensmitteln ein. Dadurch kann der Allergieausl\u00f6ser in einer zielgerichteten Diagnostik, wie dem <strong>Prick-Hauttest<\/strong> oder <strong>Prick-to-Prick Hauttest<\/strong> festgestellt werden. In manchen F\u00e4llen wird eine Blutabnahme f\u00fcr <strong>weiterf\u00fchrende Laboruntersuchungen<\/strong> notwendig.<\/p>\n<p><strong>Dadurch k\u00f6nnen Allergien von der Neugeborenenphase bis hin in das Erwachsenenalter ermittelt werden.<\/strong><\/p>\n<p>H\u00e4ufig werden auch Nahrungsmittelunvertr\u00e4glichkeiten mit Nahrungsmittelallergien verwechselt. Da hier die Diagnostik komplex ist, sind aussagekr\u00e4ftige Untersuchungen erst ab dem Schulalter m\u00f6glich. Wir arbeiten mit dem Allergiezentrum Wien West bzw. dem Floridsdorfer Allergiezentrum, sowie mit der gastroenterologischen Kinder-Spezialambulanz (Ambulanz f\u00fcr Erkrankungen des Verdauungsapparates) der Klinik Ottakring zusammen, um Ihnen einen einfachen Zugang zu all diesen Untersuchungsmethoden zu er\u00f6ffnen und die PatientInnen hier bestm\u00f6glich zu begleiten.<\/p>\n<\/div><\/section><\/div>\n<style type=\"text\/css\" data-created_by=\"avia_inline_auto\" id=\"style-css-av-1m2d7e-c5cff990e63e209777f69fbcd3d832eb\">\n.flex_column.av-1m2d7e-c5cff990e63e209777f69fbcd3d832eb{\nborder-radius:0px 0px 0px 0px;\npadding:0px 0px 0px 0px;\n}\n<\/style>\n<div  class='flex_column av-1m2d7e-c5cff990e63e209777f69fbcd3d832eb av_one_half  avia-builder-el-8  el_after_av_one_half  avia-builder-el-last  flex_column_div av-animated-generic bottom-to-top av-zero-column-padding  '     ><section  class='av_textblock_section av-197x22-2ef83ecea797fb7ea3c7f0a4968aa9de '   itemscope=\"itemscope\" itemtype=\"https:\/\/schema.org\/CreativeWork\" ><div class='avia_textblock'  itemprop=\"text\" ><p>Ein Spezialgebiet der Ordination ist die Diagnostik sowie die Therapie von Nahrungsmittelallergien im S\u00e4uglings- und Kleinkindalter. Die rasche Diagnose ist neben der guten Schulung der Eltern besonders notwendig, um di\u00e4tische Fehler zu vermeiden. Hierbei erg\u00e4nzt eine ausgebildete <strong>Di\u00e4tologin<\/strong> unser Team.<\/p>\n<p>Viele Allergien des Kleinkindesalters wie z.B. Kuhmilchproteinallergie oder Ei-Allergie \u201ewachsen sich aus\u201c. Zur definitiven Best\u00e4tigung bzw. zum definitiven Ausschluss einer Allergie ist oft ein <strong>Nahrunsgmittel-Provokationstest<\/strong> notwendig \u2013 diese ist mit einer Aufnahme im Spital verbunden. Gemeinsam mit einer Kollegin werden alle kindlichen Nahrungsmittelprovokationen in der Klinik Ottakring durch mich pers\u00f6nlich durchgef\u00fchrt.<\/p>\n<p>Neurodermitis ist eine der h\u00e4ufigsten Hauterkrankungen im S\u00e4uglings- und Kleinkindalter. Es handelt sich um eine chronische Erkrankung der Haut, bei der es zum Auftreten von Juckreiz, Ekzemen und Trockenheit kommt. Komplikationen k\u00f6nnen durch Infektion der Ausschl\u00e4ge durch Bakterien oder Pilze entstehen. Hier sind eine sinnvolle Diagnostik, sowie eine rasche und effiziente Therapie notwendig, um unn\u00f6tigen Leidensdruck bei den Kindern zu vermeiden. Oft ben\u00f6tigt eine Therapie l\u00e4ngere Begleitung, um gute Erfolge zu zeigen. Hier ist eine intensive Betreuung mit ausreichend Zeit und einem vertrauensvollen Arzt\/Patient\/Eltern Verh\u00e4ltnis wesentlich. Diese bietet unser Team in der Ordination an. Auch hier arbeiten wir interdisziplin\u00e4r mit Dermatologen und Di\u00e4tologen zusammen.<\/p>\n<\/div><\/section><\/div><\/div><\/div><\/div><!-- close content main div --><\/div><\/div><div id='av-layout-grid-2'  class='av-layout-grid-container av-f1471-96d4a3d65e59e6e0a2efbbeb37e548c7 entry-content-wrapper alternate_color av-flex-cells  avia-builder-el-10  el_after_av_section  el_before_av_hr  grid-row-not-first  container_wrap fullsize'  >\n\n<style type=\"text\/css\" data-created_by=\"avia_inline_auto\" id=\"style-css-av-boupx-b167ba56e550958350b7623bd9e66cec\">\n.flex_cell.av-boupx-b167ba56e550958350b7623bd9e66cec{\nvertical-align:middle;\nheight:200px;\nmin-height:200px;\n}\n.responsive #top #wrap_all .flex_cell.av-boupx-b167ba56e550958350b7623bd9e66cec{\npadding:30px 100px 30px 100px !important;\n}\n<\/style>\n<div class='flex_cell av-boupx-b167ba56e550958350b7623bd9e66cec av-gridrow-cell av_one_half no_margin  avia-builder-el-11  el_before_av_cell_one_half  avia-builder-el-first  content-align-middle'  ><div class='flex_cell_inner'>\n<style type=\"text\/css\" data-created_by=\"avia_inline_auto\" id=\"style-css-av-26pq0a-170fdf0fb7070ede5ad5ef3dd7eeec87\">\n.flex_column.av-26pq0a-170fdf0fb7070ede5ad5ef3dd7eeec87{\nborder-radius:0px 0px 0px 0px;\npadding:0px 0px 0px 0px;\n}\n<\/style>\n<div  class='flex_column av-26pq0a-170fdf0fb7070ede5ad5ef3dd7eeec87 av_one_full  avia-builder-el-12  avia-builder-el-no-sibling  first flex_column_div av-animated-generic bottom-to-top av-zero-column-padding  '     ><style type=\"text\/css\" data-created_by=\"avia_inline_auto\" id=\"style-css-av-8dmas-b9d7db34f6ae7c4eaf9780289e329db7\">\n#top .av-special-heading.av-8dmas-b9d7db34f6ae7c4eaf9780289e329db7{\npadding-bottom:10px;\n}\nbody .av-special-heading.av-8dmas-b9d7db34f6ae7c4eaf9780289e329db7 .av-special-heading-tag .heading-char{\nfont-size:25px;\n}\n.av-special-heading.av-8dmas-b9d7db34f6ae7c4eaf9780289e329db7 .av-subheading{\nfont-size:15px;\n}\n<\/style>\n<div  class='av-special-heading av-8dmas-b9d7db34f6ae7c4eaf9780289e329db7 av-special-heading-h3 blockquote modern-quote  avia-builder-el-13  avia-builder-el-no-sibling '><h3 class='av-special-heading-tag '  itemprop=\"headline\"  >Ein ausf\u00fchrliches Gespr\u00e4ch ersetzt viele aufwendige und belastende Untersuchungen.<\/h3><div class=\"special-heading-border\"><div class=\"special-heading-inner-border\"><\/div><\/div><\/div><\/div>\n<\/div><\/div>\n<style type=\"text\/css\" data-created_by=\"avia_inline_auto\" id=\"style-css-av-k8255pof-e09211e6c812b41c238624ea7704ee0b\">\n.flex_cell.av-k8255pof-e09211e6c812b41c238624ea7704ee0b{\nvertical-align:middle;\nheight:200px;\nmin-height:200px;\nbackground:url(https:\/\/kinder-arzt.at\/wp-content\/uploads\/2020\/03\/Nahrungsmittelallergien_unten-jpg.avif) 50% 50% no-repeat scroll ;\n}\n.responsive #top #wrap_all .flex_cell.av-k8255pof-e09211e6c812b41c238624ea7704ee0b{\npadding:30px 30px 30px 30px !important;\n}\n<\/style>\n<div class='flex_cell av-k8255pof-e09211e6c812b41c238624ea7704ee0b av-gridrow-cell av_one_half no_margin  avia-builder-el-14  el_after_av_cell_one_half  avia-builder-el-last  content-align-middle avia-full-stretch'  ><div class='flex_cell_inner'><\/div><\/div><\/div><div id='after_grid_row_2'  class='main_color av_default_container_wrap container_wrap fullsize'  ><div class='container av-section-cont-open' ><div class='template-page content  av-content-full alpha units'><div class='post-entry post-entry-type-page post-entry-356'><div class='entry-content-wrapper clearfix'>\n<style type=\"text\/css\" data-created_by=\"avia_inline_auto\" id=\"style-css-av-1b0756-733de7d700dd78f81b8ba2a5f494f9a2\">\n#top .hr.hr-invisible.av-1b0756-733de7d700dd78f81b8ba2a5f494f9a2{\nheight:50px;\n}\n<\/style>\n<div  class='hr av-1b0756-733de7d700dd78f81b8ba2a5f494f9a2 hr-invisible  avia-builder-el-15  el_after_av_layout_row  avia-builder-el-no-sibling '><span class='hr-inner '><span class=\"hr-inner-style\"><\/span><\/span><\/div><\/p>\n","protected":false},"excerpt":{"rendered":"","protected":false},"author":1,"featured_media":0,"parent":0,"menu_order":14,"comment_status":"closed","ping_status":"closed","template":"","meta":{"inline_featured_image":false,"footnotes":""},"class_list":["post-356","page","type-page","status-publish","hentry"],"_links":{"self":[{"href":"https:\/\/kinder-arzt.at\/de\/wp-json\/wp\/v2\/pages\/356","targetHints":{"allow":["GET"]}}],"collection":[{"href":"https:\/\/kinder-arzt.at\/de\/wp-json\/wp\/v2\/pages"}],"about":[{"href":"https:\/\/kinder-arzt.at\/de\/wp-json\/wp\/v2\/types\/page"}],"author":[{"embeddable":true,"href":"https:\/\/kinder-arzt.at\/de\/wp-json\/wp\/v2\/users\/1"}],"replies":[{"embeddable":true,"href":"https:\/\/kinder-arzt.at\/de\/wp-json\/wp\/v2\/comments?post=356"}],"version-history":[{"count":2,"href":"https:\/\/kinder-arzt.at\/de\/wp-json\/wp\/v2\/pages\/356\/revisions"}],"predecessor-version":[{"id":1407,"href":"https:\/\/kinder-arzt.at\/de\/wp-json\/wp\/v2\/pages\/356\/revisions\/1407"}],"wp:attachment":[{"href":"https:\/\/kinder-arzt.at\/de\/wp-json\/wp\/v2\/media?parent=356"}],"curies":[{"name":"wp","href":"https:\/\/api.w.org\/{rel}","templated":true}]}}

<div id='av-layout-grid-1'  class='av-layout-grid-container av-2p4hkq-2a5a785f4ed00ab4fa5527acff9d76a8 entry-content-wrapper main_color av-flex-cells  avia-builder-el-0  el_before_av_section  avia-builder-el-first   container_wrap fullsize'  >

<style type="text/css" data-created_by="avia_inline_auto" id="style-css-av-2m3iqi-defe7b72b5b6c1185cc803f80bc82470">
.flex_cell.av-2m3iqi-defe7b72b5b6c1185cc803f80bc82470{
vertical-align:top;
height:200px;
min-height:200px;
background:url(https://kinder-arzt.at/wp-content/uploads/2020/03/Nahrungsmittelallergie_quer-1030x484.avif) 0% 50% no-repeat scroll ;
}
.responsive #top #wrap_all .flex_cell.av-2m3iqi-defe7b72b5b6c1185cc803f80bc82470{
padding:30px 30px 30px 30px !important;
}
</style>
<div class='flex_cell av-2m3iqi-defe7b72b5b6c1185cc803f80bc82470 av-gridrow-cell av_one_half no_margin  avia-builder-el-1  el_before_av_cell_one_half  avia-builder-el-first  content-align-top avia-full-stretch'  ><div class='flex_cell_inner'></div></div>
<style type="text/css" data-created_by="avia_inline_auto" id="style-css-av-2ff6qa-0bf5309548184fbd117ed58dce1fd72b">
.flex_cell.av-2ff6qa-0bf5309548184fbd117ed58dce1fd72b{
vertical-align:middle;
height:200px;
min-height:200px;
background-color:#afd3e8;
}
.responsive #top #wrap_all .flex_cell.av-2ff6qa-0bf5309548184fbd117ed58dce1fd72b{
padding:30px 100px 30px 100px !important;
}
</style>
<div class='flex_cell av-2ff6qa-0bf5309548184fbd117ed58dce1fd72b av-gridrow-cell av_one_half no_margin  avia-builder-el-2  el_after_av_cell_one_half  avia-builder-el-last  content-align-middle'  ><div class='flex_cell_inner'>
<style type="text/css" data-created_by="avia_inline_auto" id="style-css-av-26pq0a-170fdf0fb7070ede5ad5ef3dd7eeec87">
.flex_column.av-26pq0a-170fdf0fb7070ede5ad5ef3dd7eeec87{
border-radius:0px 0px 0px 0px;
padding:0px 0px 0px 0px;
}
</style>
<div  class='flex_column av-26pq0a-170fdf0fb7070ede5ad5ef3dd7eeec87 av_one_full  avia-builder-el-3  avia-builder-el-no-sibling  first flex_column_div av-animated-generic bottom-to-top av-zero-column-padding  '     ><style type="text/css" data-created_by="avia_inline_auto" id="style-css-av-k8aakt3g-514d1ca00c74c50c417165d30ee081a0">
#top .av-special-heading.av-k8aakt3g-514d1ca00c74c50c417165d30ee081a0{
padding-bottom:10px;
}
body .av-special-heading.av-k8aakt3g-514d1ca00c74c50c417165d30ee081a0 .av-special-heading-tag .heading-char{
font-size:25px;
}
.av-special-heading.av-k8aakt3g-514d1ca00c74c50c417165d30ee081a0 .av-subheading{
font-size:15px;
}
</style>
<div  class='av-special-heading av-k8aakt3g-514d1ca00c74c50c417165d30ee081a0 av-special-heading-h3 blockquote modern-quote  avia-builder-el-4  avia-builder-el-no-sibling '><h3 class='av-special-heading-tag '  itemprop="headline"  >Mein Kind hat Nahrungsmittelallergien/ Neurodermitis</h3><div class="special-heading-border"><div class="special-heading-inner-border"></div></div></div></div>
</div></div></div><div id='av_section_1'  class='avia-section av-1oglde-2d9227effe751f910158854fee4e542c main_color avia-section-large avia-no-border-styling  avia-builder-el-5  el_after_av_layout_row  el_before_av_layout_row  avia-bg-style-scroll container_wrap fullsize'  ><div class='container av-section-cont-open' ><div class='template-page content  av-content-full alpha units'><div class='post-entry post-entry-type-page post-entry-356'><div class='entry-content-wrapper clearfix'>

<style type="text/css" data-created_by="avia_inline_auto" id="style-css-av-1m2d7e-ad76e4824d4bce94e41b5d669528cff0">
.flex_column.av-1m2d7e-ad76e4824d4bce94e41b5d669528cff0{
border-radius:0px 0px 0px 0px;
padding:0px 0px 0px 0px;
}
</style>
<div  class='flex_column av-1m2d7e-ad76e4824d4bce94e41b5d669528cff0 av_one_half  avia-builder-el-6  el_before_av_one_half  avia-builder-el-first  first flex_column_div av-animated-generic bottom-to-top av-zero-column-padding  '     ><section  class='av_textblock_section av-197x22-2ef83ecea797fb7ea3c7f0a4968aa9de '   itemscope="itemscope" itemtype="https://schema.org/CreativeWork" ><div class='avia_textblock'  itemprop="text" ><p><strong>Nahrungsmittelallergien</strong> und Nahrungsmittelunverträglichkeiten führen immer öfters zur Verunsicherung von Eltern und PatientInnen. Ein überbordendes Informationsangebot im Internet, teils obskure online Testmöglichkeiten, sowie falsche Informationen führen zu sinnlosen Diäten, aber auch zum Ausbleiben notwendiger Diäten.</p>
<p>Der Beginn einer guten Diagnostik liegt in der genauen Anamnese und Erhebung der Symptome. Das Führen von Beschwerdetagebüchern schränkt die Auswahl an verdächtigen Lebensmitteln ein. Dadurch kann der Allergieauslöser in einer zielgerichteten Diagnostik, wie dem <strong>Prick-Hauttest</strong> oder <strong>Prick-to-Prick Hauttest</strong> festgestellt werden. In manchen Fällen wird eine Blutabnahme für <strong>weiterführende Laboruntersuchungen</strong> notwendig.</p>
<p><strong>Dadurch können Allergien von der Neugeborenenphase bis hin in das Erwachsenenalter ermittelt werden.</strong></p>
<p>Häufig werden auch Nahrungsmittelunverträglichkeiten mit Nahrungsmittelallergien verwechselt. Da hier die Diagnostik komplex ist, sind aussagekräftige Untersuchungen erst ab dem Schulalter möglich. Wir arbeiten mit dem Allergiezentrum Wien West bzw. dem Floridsdorfer Allergiezentrum, sowie mit der gastroenterologischen Kinder-Spezialambulanz (Ambulanz für Erkrankungen des Verdauungsapparates) der Klinik Ottakring zusammen, um Ihnen einen einfachen Zugang zu all diesen Untersuchungsmethoden zu eröffnen und die PatientInnen hier bestmöglich zu begleiten.</p>
</div></section></div>
<style type="text/css" data-created_by="avia_inline_auto" id="style-css-av-1m2d7e-c5cff990e63e209777f69fbcd3d832eb">
.flex_column.av-1m2d7e-c5cff990e63e209777f69fbcd3d832eb{
border-radius:0px 0px 0px 0px;
padding:0px 0px 0px 0px;
}
</style>
<div  class='flex_column av-1m2d7e-c5cff990e63e209777f69fbcd3d832eb av_one_half  avia-builder-el-8  el_after_av_one_half  avia-builder-el-last  flex_column_div av-animated-generic bottom-to-top av-zero-column-padding  '     ><section  class='av_textblock_section av-197x22-2ef83ecea797fb7ea3c7f0a4968aa9de '   itemscope="itemscope" itemtype="https://schema.org/CreativeWork" ><div class='avia_textblock'  itemprop="text" ><p>Ein Spezialgebiet der Ordination ist die Diagnostik sowie die Therapie von Nahrungsmittelallergien im Säuglings- und Kleinkindalter. Die rasche Diagnose ist neben der guten Schulung der Eltern besonders notwendig, um diätische Fehler zu vermeiden. Hierbei ergänzt eine ausgebildete <strong>Diätologin</strong> unser Team.</p>
<p>Viele Allergien des Kleinkindesalters wie z.B. Kuhmilchproteinallergie oder Ei-Allergie „wachsen sich aus“. Zur definitiven Bestätigung bzw. zum definitiven Ausschluss einer Allergie ist oft ein <strong>Nahrunsgmittel-Provokationstest</strong> notwendig – diese ist mit einer Aufnahme im Spital verbunden. Gemeinsam mit einer Kollegin werden alle kindlichen Nahrungsmittelprovokationen in der Klinik Ottakring durch mich persönlich durchgeführt.</p>
<p>Neurodermitis ist eine der häufigsten Hauterkrankungen im Säuglings- und Kleinkindalter. Es handelt sich um eine chronische Erkrankung der Haut, bei der es zum Auftreten von Juckreiz, Ekzemen und Trockenheit kommt. Komplikationen können durch Infektion der Ausschläge durch Bakterien oder Pilze entstehen. Hier sind eine sinnvolle Diagnostik, sowie eine rasche und effiziente Therapie notwendig, um unnötigen Leidensdruck bei den Kindern zu vermeiden. Oft benötigt eine Therapie längere Begleitung, um gute Erfolge zu zeigen. Hier ist eine intensive Betreuung mit ausreichend Zeit und einem vertrauensvollen Arzt/Patient/Eltern Verhältnis wesentlich. Diese bietet unser Team in der Ordination an. Auch hier arbeiten wir interdisziplinär mit Dermatologen und Diätologen zusammen.</p>
</div></section></div></div></div></div><!-- close content main div --></div></div><div id='av-layout-grid-2'  class='av-layout-grid-container av-f1471-96d4a3d65e59e6e0a2efbbeb37e548c7 entry-content-wrapper alternate_color av-flex-cells  avia-builder-el-10  el_after_av_section  el_before_av_hr  grid-row-not-first  container_wrap fullsize'  >

<style type="text/css" data-created_by="avia_inline_auto" id="style-css-av-boupx-b167ba56e550958350b7623bd9e66cec">
.flex_cell.av-boupx-b167ba56e550958350b7623bd9e66cec{
vertical-align:middle;
height:200px;
min-height:200px;
}
.responsive #top #wrap_all .flex_cell.av-boupx-b167ba56e550958350b7623bd9e66cec{
padding:30px 100px 30px 100px !important;
}
</style>
<div class='flex_cell av-boupx-b167ba56e550958350b7623bd9e66cec av-gridrow-cell av_one_half no_margin  avia-builder-el-11  el_before_av_cell_one_half  avia-builder-el-first  content-align-middle'  ><div class='flex_cell_inner'>
<style type="text/css" data-created_by="avia_inline_auto" id="style-css-av-26pq0a-170fdf0fb7070ede5ad5ef3dd7eeec87">
.flex_column.av-26pq0a-170fdf0fb7070ede5ad5ef3dd7eeec87{
border-radius:0px 0px 0px 0px;
padding:0px 0px 0px 0px;
}
</style>
<div  class='flex_column av-26pq0a-170fdf0fb7070ede5ad5ef3dd7eeec87 av_one_full  avia-builder-el-12  avia-builder-el-no-sibling  first flex_column_div av-animated-generic bottom-to-top av-zero-column-padding  '     ><style type="text/css" data-created_by="avia_inline_auto" id="style-css-av-8dmas-b9d7db34f6ae7c4eaf9780289e329db7">
#top .av-special-heading.av-8dmas-b9d7db34f6ae7c4eaf9780289e329db7{
padding-bottom:10px;
}
body .av-special-heading.av-8dmas-b9d7db34f6ae7c4eaf9780289e329db7 .av-special-heading-tag .heading-char{
font-size:25px;
}
.av-special-heading.av-8dmas-b9d7db34f6ae7c4eaf9780289e329db7 .av-subheading{
font-size:15px;
}
</style>
<div  class='av-special-heading av-8dmas-b9d7db34f6ae7c4eaf9780289e329db7 av-special-heading-h3 blockquote modern-quote  avia-builder-el-13  avia-builder-el-no-sibling '><h3 class='av-special-heading-tag '  itemprop="headline"  >Ein ausführliches Gespräch ersetzt viele aufwendige und belastende Untersuchungen.</h3><div class="special-heading-border"><div class="special-heading-inner-border"></div></div></div></div>
</div></div>
<style type="text/css" data-created_by="avia_inline_auto" id="style-css-av-k8255pof-e09211e6c812b41c238624ea7704ee0b">
.flex_cell.av-k8255pof-e09211e6c812b41c238624ea7704ee0b{
vertical-align:middle;
height:200px;
min-height:200px;
background:url(https://kinder-arzt.at/wp-content/uploads/2020/03/Nahrungsmittelallergien_unten-jpg.avif) 50% 50% no-repeat scroll ;
}
.responsive #top #wrap_all .flex_cell.av-k8255pof-e09211e6c812b41c238624ea7704ee0b{
padding:30px 30px 30px 30px !important;
}
</style>
<div class='flex_cell av-k8255pof-e09211e6c812b41c238624ea7704ee0b av-gridrow-cell av_one_half no_margin  avia-builder-el-14  el_after_av_cell_one_half  avia-builder-el-last  content-align-middle avia-full-stretch'  ><div class='flex_cell_inner'></div></div></div><div id='after_grid_row_2'  class='main_color av_default_container_wrap container_wrap fullsize'  ><div class='container av-section-cont-open' ><div class='template-page content  av-content-full alpha units'><div class='post-entry post-entry-type-page post-entry-356'><div class='entry-content-wrapper clearfix'>
<style type="text/css" data-created_by="avia_inline_auto" id="style-css-av-1b0756-733de7d700dd78f81b8ba2a5f494f9a2">
#top .hr.hr-invisible.av-1b0756-733de7d700dd78f81b8ba2a5f494f9a2{
height:50px;
}
</style>
<div  class='hr av-1b0756-733de7d700dd78f81b8ba2a5f494f9a2 hr-invisible  avia-builder-el-15  el_after_av_layout_row  avia-builder-el-no-sibling '><span class='hr-inner '><span class="hr-inner-style"></span></span></div></p>
