{"id":154,"date":"2015-07-16T09:12:44","date_gmt":"2015-07-16T07:12:44","guid":{"rendered":"http:\/\/test.kriesi.at\/minimal-portfolio\/?page_id=154"},"modified":"2024-10-16T15:33:53","modified_gmt":"2024-10-16T13:33:53","slug":"ueber-mich","status":"publish","type":"page","link":"https:\/\/kinder-arzt.at\/de\/ueber-mich\/","title":{"rendered":"\u00dcber mich"},"content":{"rendered":"<div id='av-layout-grid-1'  class='av-layout-grid-container av-2p4hkq-1fdd80158d6ddadfff1854ffe5f8e9e8 entry-content-wrapper main_color av-flex-cells  avia-builder-el-0  el_before_av_section  avia-builder-el-first   container_wrap fullsize'  >\n\n<style type=\"text\/css\" data-created_by=\"avia_inline_auto\" id=\"style-css-av-2m3iqi-df8502341bb52ad9035718e3f1e2d113\">\n.flex_cell.av-2m3iqi-df8502341bb52ad9035718e3f1e2d113{\nvertical-align:top;\nheight:500px;\nmin-height:500px;\nbackground:url(https:\/\/kinder-arzt.at\/wp-content\/uploads\/2020\/03\/Kinderarzt_ueber-1-jpg.avif) 50% 50% no-repeat scroll ;\n}\n.responsive #top #wrap_all .flex_cell.av-2m3iqi-df8502341bb52ad9035718e3f1e2d113{\npadding:30px 30px 30px 30px !important;\n}\n<\/style>\n<div class='flex_cell av-2m3iqi-df8502341bb52ad9035718e3f1e2d113 av-gridrow-cell av_one_full no_margin  avia-builder-el-1  avia-builder-el-no-sibling  content-align-top avia-full-stretch'  ><div class='flex_cell_inner'><\/div><\/div>\n<\/div>\n<div id='av_section_1'  class='avia-section av-1oglde-2d9227effe751f910158854fee4e542c main_color avia-section-large avia-no-border-styling  avia-builder-el-2  el_after_av_layout_row  avia-builder-el-last  avia-bg-style-scroll container_wrap fullsize'  ><div class='container av-section-cont-open' ><div class='template-page content  av-content-full alpha units'><div class='post-entry post-entry-type-page post-entry-154'><div class='entry-content-wrapper clearfix'>\n\n<style type=\"text\/css\" data-created_by=\"avia_inline_auto\" id=\"style-css-av-av_heading-91bc615051beb6368aa10f5de6ede940\">\n#top .av-special-heading.av-av_heading-91bc615051beb6368aa10f5de6ede940{\npadding-bottom:10px;\n}\nbody .av-special-heading.av-av_heading-91bc615051beb6368aa10f5de6ede940 .av-special-heading-tag .heading-char{\nfont-size:25px;\n}\n.av-special-heading.av-av_heading-91bc615051beb6368aa10f5de6ede940 .av-subheading{\nfont-size:15px;\n}\n<\/style>\n<div  class='av-special-heading av-av_heading-91bc615051beb6368aa10f5de6ede940 av-special-heading-h1 blockquote modern-quote modern-centered  avia-builder-el-3  el_before_av_textblock  avia-builder-el-first '><h1 class='av-special-heading-tag '  itemprop=\"headline\"  >Dr. med. univ. Clemens M\u00e4del<\/h1><div class=\"special-heading-border\"><div class=\"special-heading-inner-border\"><\/div><\/div><\/div>\n<section  class='av_textblock_section av-k7xpkuy3-a2f9918c1b955180e91e3e289b94cab9 '   itemscope=\"itemscope\" itemtype=\"https:\/\/schema.org\/CreativeWork\" ><div class='avia_textblock'  itemprop=\"text\" ><div dir=\"ltr\">\n<div class=\"\">\n<div class=\"\">\n<section class=\" av_textblock_section\">\n<div class=\"avia_textblock \">\n<div class=\"\">\n<section class=\" av_textblock_section\">\n<div class=\"avia_textblock \">\n<div class=\"\">\n<div class=\"\" style=\"text-align: center;\"><span class=\"\">Facharzt f\u00fcr Kinder- und Jugendheilkunde<\/span><\/div>\n<\/div>\n<\/div>\n<\/section>\n<\/div>\n<\/div>\n<\/section>\n<\/div>\n<\/div>\n<\/div>\n<div dir=\"ltr\" style=\"text-align: center;\">\n<div class=\"\">\n<div class=\"\">\n<section class=\" av_textblock_section\">\n<div class=\"avia_textblock \">\n<div class=\"\">\n<section class=\" av_textblock_section\">\n<div class=\"avia_textblock \">\n<div class=\"\">\n<div class=\"\"><span class=\"\">Spezialisierung (Additivfach) f\u00fcr p\u00e4diatrische Pulmologie<\/span><\/div>\n<\/div>\n<div><\/div>\n<div class=\"\">Spezialisierung (<span class=\"\">Additivfach<\/span><span class=\"\">)\u00a0<\/span><span class=\"\">f\u00fcr Allergologie\u00a0<\/span><\/div>\n<\/div>\n<\/section>\n<\/div>\n<\/div>\n<\/section>\n<\/div>\n<\/div>\n<\/div>\n<div dir=\"ltr\">\n<div class=\"\">\n<div class=\"\">\n<section class=\" av_textblock_section\">\n<div class=\"avia_textblock \">\n<div class=\"\">\n<section class=\" av_textblock_section\">\n<div class=\"avia_textblock \">\n<div><\/div>\n<div class=\"\" style=\"text-align: center;\"><span class=\"\">Arzt f\u00fcr Allgemeinmedizin<\/span><\/div>\n<\/div>\n<\/section>\n<\/div>\n<\/div>\n<\/section>\n<\/div>\n<\/div>\n<\/div>\n<\/div><\/section>\n\n<style type=\"text\/css\" data-created_by=\"avia_inline_auto\" id=\"style-css-av-1j31tm-2c200fab7e39307fc78d99842312c113\">\n#top .hr.av-1j31tm-2c200fab7e39307fc78d99842312c113{\nmargin-top:50px;\nmargin-bottom:80px;\n}\n.hr.av-1j31tm-2c200fab7e39307fc78d99842312c113 .hr-inner{\nwidth:100px;\nborder-color:#b4d0e0;\n}\n<\/style>\n<div  class='hr av-1j31tm-2c200fab7e39307fc78d99842312c113 hr-custom  avia-builder-el-5  el_after_av_textblock  el_before_av_one_half  hr-center hr-icon-no'><span class='hr-inner inner-border-av-border-fat'><span class=\"hr-inner-style\"><\/span><\/span><\/div>\n\n<style type=\"text\/css\" data-created_by=\"avia_inline_auto\" id=\"style-css-av-1m2d7e-ad76e4824d4bce94e41b5d669528cff0\">\n.flex_column.av-1m2d7e-ad76e4824d4bce94e41b5d669528cff0{\nborder-radius:0px 0px 0px 0px;\npadding:0px 0px 0px 0px;\n}\n<\/style>\n<div  class='flex_column av-1m2d7e-ad76e4824d4bce94e41b5d669528cff0 av_one_half  avia-builder-el-6  el_after_av_hr  el_before_av_one_half  first flex_column_div av-animated-generic bottom-to-top av-zero-column-padding  '     ><section  class='av_textblock_section av-197x22-2ef83ecea797fb7ea3c7f0a4968aa9de '   itemscope=\"itemscope\" itemtype=\"https:\/\/schema.org\/CreativeWork\" ><div class='avia_textblock'  itemprop=\"text\" ><p><strong>Allergieambulanz<\/strong> f\u00fcr Kinder und Jugendliche \u2013 Klinik Ottakring \u2013 Wien<\/p>\n<p><strong>Facharzt<\/strong> der Kinderabteilung in der Klinik Ottakring mit Schwerpunkt f\u00fcr Kinderlungenerkrankungen<\/p>\n<ul>\n<li>Allgemeine Kinderheilkunde<\/li>\n<li>P\u00e4diatrische Infektiologie<\/li>\n<li>Flexible Bronchoskopie<\/li>\n<li>Kinderlungenambulanz<\/li>\n<li>Spezialambulanz f\u00fcr zystische Fibrose im Kindes- und Jugendalter<\/li>\n<li>Spezialambulanz f\u00fcr Tuberkulose im Kindes- und Jugendalter<\/li>\n<\/ul>\n<p><strong>Facharzt f\u00fcr Kinder-Lungenheilkunde<\/strong><br \/>\n(Additivfach\/Spezialisierung P\u00e4diatrische Pulmologie, sowie Additivfach\/Spezialisierung Allergologie) in der Klinik Ottakring<\/p>\n<p><strong>Facharzt f\u00fcr Kinder- und Jugendheilkunde<\/strong> in der Klinik Ottakring<\/p>\n<p>Notarztdiplom, EPALS Diplom, NLS Diplom, Schularztdiplom<\/p>\n<p><strong>Arzt f\u00fcr Allgemeinmedizin \u2013 Jus practicandi<\/strong><\/p>\n<\/div><\/section><\/div>\n<style type=\"text\/css\" data-created_by=\"avia_inline_auto\" id=\"style-css-av-1m2d7e-c5cff990e63e209777f69fbcd3d832eb\">\n.flex_column.av-1m2d7e-c5cff990e63e209777f69fbcd3d832eb{\nborder-radius:0px 0px 0px 0px;\npadding:0px 0px 0px 0px;\n}\n<\/style>\n<div  class='flex_column av-1m2d7e-c5cff990e63e209777f69fbcd3d832eb av_one_half  avia-builder-el-8  el_after_av_one_half  avia-builder-el-last  flex_column_div av-animated-generic bottom-to-top av-zero-column-padding  '     ><section  class='av_textblock_section av-197x22-2ef83ecea797fb7ea3c7f0a4968aa9de '   itemscope=\"itemscope\" itemtype=\"https:\/\/schema.org\/CreativeWork\" ><div class='avia_textblock'  itemprop=\"text\" ><p><strong>Laufende wissenschaftliche Forschungst\u00e4tigkeit, Betreuung von Studenten und Diplomanden des Studiums der Humanmedizin<\/strong> an der Medizinischen Universit\u00e4t Wien<\/p>\n<p>Laufendes <strong>PhD Studium<\/strong> an der Medizinischen Universit\u00e4t Wien<\/p>\n<p>Zahlreiche <strong>Publikationen<\/strong> in medizinischen Fachzeitschriften und Buchbeitr\u00e4ge<\/p>\n<p>Regelm\u00e4\u00dfige <strong>Vortragst\u00e4tigkeit<\/strong> bei medizinischen Fachtagungen im In- und Ausland<\/p>\n<p>Studium der Humanmedizin an der Medizinischen Universit\u00e4t Wien<\/p>\n<p>Sprachen: Deutsch, Englisch<\/p>\n<\/div><\/section><\/div>\n","protected":false},"excerpt":{"rendered":"","protected":false},"author":1,"featured_media":0,"parent":0,"menu_order":25,"comment_status":"closed","ping_status":"closed","template":"","meta":{"inline_featured_image":false,"footnotes":""},"class_list":["post-154","page","type-page","status-publish","hentry"],"_links":{"self":[{"href":"https:\/\/kinder-arzt.at\/de\/wp-json\/wp\/v2\/pages\/154","targetHints":{"allow":["GET"]}}],"collection":[{"href":"https:\/\/kinder-arzt.at\/de\/wp-json\/wp\/v2\/pages"}],"about":[{"href":"https:\/\/kinder-arzt.at\/de\/wp-json\/wp\/v2\/types\/page"}],"author":[{"embeddable":true,"href":"https:\/\/kinder-arzt.at\/de\/wp-json\/wp\/v2\/users\/1"}],"replies":[{"embeddable":true,"href":"https:\/\/kinder-arzt.at\/de\/wp-json\/wp\/v2\/comments?post=154"}],"version-history":[{"count":3,"href":"https:\/\/kinder-arzt.at\/de\/wp-json\/wp\/v2\/pages\/154\/revisions"}],"predecessor-version":[{"id":1409,"href":"https:\/\/kinder-arzt.at\/de\/wp-json\/wp\/v2\/pages\/154\/revisions\/1409"}],"wp:attachment":[{"href":"https:\/\/kinder-arzt.at\/de\/wp-json\/wp\/v2\/media?parent=154"}],"curies":[{"name":"wp","href":"https:\/\/api.w.org\/{rel}","templated":true}]}}

Über mich

<div id='av-layout-grid-1'  class='av-layout-grid-container av-2p4hkq-1fdd80158d6ddadfff1854ffe5f8e9e8 entry-content-wrapper main_color av-flex-cells  avia-builder-el-0  el_before_av_section  avia-builder-el-first   container_wrap fullsize'  >

<style type="text/css" data-created_by="avia_inline_auto" id="style-css-av-2m3iqi-df8502341bb52ad9035718e3f1e2d113">
.flex_cell.av-2m3iqi-df8502341bb52ad9035718e3f1e2d113{
vertical-align:top;
height:500px;
min-height:500px;
background:url(https://kinder-arzt.at/wp-content/uploads/2020/03/Kinderarzt_ueber-1-jpg.avif) 50% 50% no-repeat scroll ;
}
.responsive #top #wrap_all .flex_cell.av-2m3iqi-df8502341bb52ad9035718e3f1e2d113{
padding:30px 30px 30px 30px !important;
}
</style>
<div class='flex_cell av-2m3iqi-df8502341bb52ad9035718e3f1e2d113 av-gridrow-cell av_one_full no_margin  avia-builder-el-1  avia-builder-el-no-sibling  content-align-top avia-full-stretch'  ><div class='flex_cell_inner'></div></div>
</div>
<div id='av_section_1'  class='avia-section av-1oglde-2d9227effe751f910158854fee4e542c main_color avia-section-large avia-no-border-styling  avia-builder-el-2  el_after_av_layout_row  avia-builder-el-last  avia-bg-style-scroll container_wrap fullsize'  ><div class='container av-section-cont-open' ><div class='template-page content  av-content-full alpha units'><div class='post-entry post-entry-type-page post-entry-154'><div class='entry-content-wrapper clearfix'>

<style type="text/css" data-created_by="avia_inline_auto" id="style-css-av-av_heading-91bc615051beb6368aa10f5de6ede940">
#top .av-special-heading.av-av_heading-91bc615051beb6368aa10f5de6ede940{
padding-bottom:10px;
}
body .av-special-heading.av-av_heading-91bc615051beb6368aa10f5de6ede940 .av-special-heading-tag .heading-char{
font-size:25px;
}
.av-special-heading.av-av_heading-91bc615051beb6368aa10f5de6ede940 .av-subheading{
font-size:15px;
}
</style>
<div  class='av-special-heading av-av_heading-91bc615051beb6368aa10f5de6ede940 av-special-heading-h1 blockquote modern-quote modern-centered  avia-builder-el-3  el_before_av_textblock  avia-builder-el-first '><h1 class='av-special-heading-tag '  itemprop="headline"  >Dr. med. univ. Clemens Mädel</h1><div class="special-heading-border"><div class="special-heading-inner-border"></div></div></div>
<section  class='av_textblock_section av-k7xpkuy3-a2f9918c1b955180e91e3e289b94cab9 '   itemscope="itemscope" itemtype="https://schema.org/CreativeWork" ><div class='avia_textblock'  itemprop="text" ><div dir="ltr">
<div class="">
<div class="">
<section class=" av_textblock_section">
<div class="avia_textblock ">
<div class="">
<section class=" av_textblock_section">
<div class="avia_textblock ">
<div class="">
<div class="" style="text-align: center;"><span class="">Facharzt für Kinder- und Jugendheilkunde</span></div>
</div>
</div>
</section>
</div>
</div>
</section>
</div>
</div>
</div>
<div dir="ltr" style="text-align: center;">
<div class="">
<div class="">
<section class=" av_textblock_section">
<div class="avia_textblock ">
<div class="">
<section class=" av_textblock_section">
<div class="avia_textblock ">
<div class="">
<div class=""><span class="">Spezialisierung (Additivfach) für pädiatrische Pulmologie</span></div>
</div>
<div></div>
<div class="">Spezialisierung (<span class="">Additivfach</span><span class="">) </span><span class="">für Allergologie </span></div>
</div>
</section>
</div>
</div>
</section>
</div>
</div>
</div>
<div dir="ltr">
<div class="">
<div class="">
<section class=" av_textblock_section">
<div class="avia_textblock ">
<div class="">
<section class=" av_textblock_section">
<div class="avia_textblock ">
<div></div>
<div class="" style="text-align: center;"><span class="">Arzt für Allgemeinmedizin</span></div>
</div>
</section>
</div>
</div>
</section>
</div>
</div>
</div>
</div></section>

<style type="text/css" data-created_by="avia_inline_auto" id="style-css-av-1j31tm-2c200fab7e39307fc78d99842312c113">
#top .hr.av-1j31tm-2c200fab7e39307fc78d99842312c113{
margin-top:50px;
margin-bottom:80px;
}
.hr.av-1j31tm-2c200fab7e39307fc78d99842312c113 .hr-inner{
width:100px;
border-color:#b4d0e0;
}
</style>
<div  class='hr av-1j31tm-2c200fab7e39307fc78d99842312c113 hr-custom  avia-builder-el-5  el_after_av_textblock  el_before_av_one_half  hr-center hr-icon-no'><span class='hr-inner inner-border-av-border-fat'><span class="hr-inner-style"></span></span></div>

<style type="text/css" data-created_by="avia_inline_auto" id="style-css-av-1m2d7e-ad76e4824d4bce94e41b5d669528cff0">
.flex_column.av-1m2d7e-ad76e4824d4bce94e41b5d669528cff0{
border-radius:0px 0px 0px 0px;
padding:0px 0px 0px 0px;
}
</style>
<div  class='flex_column av-1m2d7e-ad76e4824d4bce94e41b5d669528cff0 av_one_half  avia-builder-el-6  el_after_av_hr  el_before_av_one_half  first flex_column_div av-animated-generic bottom-to-top av-zero-column-padding  '     ><section  class='av_textblock_section av-197x22-2ef83ecea797fb7ea3c7f0a4968aa9de '   itemscope="itemscope" itemtype="https://schema.org/CreativeWork" ><div class='avia_textblock'  itemprop="text" ><p><strong>Allergieambulanz</strong> für Kinder und Jugendliche – Klinik Ottakring – Wien</p>
<p><strong>Facharzt</strong> der Kinderabteilung in der Klinik Ottakring mit Schwerpunkt für Kinderlungenerkrankungen</p>
<ul>
<li>Allgemeine Kinderheilkunde</li>
<li>Pädiatrische Infektiologie</li>
<li>Flexible Bronchoskopie</li>
<li>Kinderlungenambulanz</li>
<li>Spezialambulanz für zystische Fibrose im Kindes- und Jugendalter</li>
<li>Spezialambulanz für Tuberkulose im Kindes- und Jugendalter</li>
</ul>
<p><strong>Facharzt für Kinder-Lungenheilkunde</strong><br />
(Additivfach/Spezialisierung Pädiatrische Pulmologie, sowie Additivfach/Spezialisierung Allergologie) in der Klinik Ottakring</p>
<p><strong>Facharzt für Kinder- und Jugendheilkunde</strong> in der Klinik Ottakring</p>
<p>Notarztdiplom, EPALS Diplom, NLS Diplom, Schularztdiplom</p>
<p><strong>Arzt für Allgemeinmedizin – Jus practicandi</strong></p>
</div></section></div>
<style type="text/css" data-created_by="avia_inline_auto" id="style-css-av-1m2d7e-c5cff990e63e209777f69fbcd3d832eb">
.flex_column.av-1m2d7e-c5cff990e63e209777f69fbcd3d832eb{
border-radius:0px 0px 0px 0px;
padding:0px 0px 0px 0px;
}
</style>
<div  class='flex_column av-1m2d7e-c5cff990e63e209777f69fbcd3d832eb av_one_half  avia-builder-el-8  el_after_av_one_half  avia-builder-el-last  flex_column_div av-animated-generic bottom-to-top av-zero-column-padding  '     ><section  class='av_textblock_section av-197x22-2ef83ecea797fb7ea3c7f0a4968aa9de '   itemscope="itemscope" itemtype="https://schema.org/CreativeWork" ><div class='avia_textblock'  itemprop="text" ><p><strong>Laufende wissenschaftliche Forschungstätigkeit, Betreuung von Studenten und Diplomanden des Studiums der Humanmedizin</strong> an der Medizinischen Universität Wien</p>
<p>Laufendes <strong>PhD Studium</strong> an der Medizinischen Universität Wien</p>
<p>Zahlreiche <strong>Publikationen</strong> in medizinischen Fachzeitschriften und Buchbeiträge</p>
<p>Regelmäßige <strong>Vortragstätigkeit</strong> bei medizinischen Fachtagungen im In- und Ausland</p>
<p>Studium der Humanmedizin an der Medizinischen Universität Wien</p>
<p>Sprachen: Deutsch, Englisch</p>
</div></section></div>
